{"id":52,"date":"2020-12-29T17:15:36","date_gmt":"2020-12-29T16:15:36","guid":{"rendered":"http:\/\/alle-heidenreich.bplaced.net\/alleheidenreich\/?page_id=52"},"modified":"2020-12-29T17:15:36","modified_gmt":"2020-12-29T16:15:36","slug":"biographien","status":"publish","type":"page","link":"http:\/\/alle-heidenreich.bplaced.net\/alleheidenreich\/?page_id=52","title":{"rendered":"Biographien"},"content":{"rendered":"\n<p>Biografisches Heidenreichs in der biografischen Literatur und Biographien im Web.<\/p>\n\n\n\n<h3 class=\"wp-block-heading\">Heidenreich-Biografien (Stand 09-2012)<\/h3>\n\n\n\n<p class=\"has-text-align-center\"><a rel=\"noreferrer noopener\" href=\"http:\/\/de.wikipedia.org\/wiki\/Heidenreich\" target=\"_blank\">Heidenreich \u2013 Wikipedia<\/a><br><a rel=\"noreferrer noopener\" href=\"http:\/\/de.wikipedia.org\/wiki\/Heydenreich\" target=\"_blank\">Heydenreich \u2013 Wikipedia<\/a><br><a rel=\"noreferrer noopener\" href=\"http:\/\/de.wikipedia.org\/wiki\/Adolf_Heidenreich\" target=\"_blank\">Adolf Heidenreich \u2013 Wikipedia<\/a><br><a rel=\"noreferrer noopener\" href=\"http:\/\/de.wikipedia.org\/wiki\/Charlotte_Heidenreich_von_Siebold\" target=\"_blank\">Charlotte Heidenreich von Siebold \u2013 Wikipedia<\/a><br><a rel=\"noreferrer noopener\" href=\"http:\/\/de.wikipedia.org\/wiki\/Carl_Heidenreich\" target=\"_blank\">Carl Heidenreich \u2013 Wikipedia<\/a><br><a rel=\"noreferrer noopener\" href=\"http:\/\/de.wikipedia.org\/wiki\/Conrad_Heidenreich\" target=\"_blank\">Conrad Heidenreich \u2013 Wikipedia<\/a><br><a rel=\"noreferrer noopener\" href=\"http:\/\/de.wikipedia.org\/wiki\/David_Elias_Heidenreich\" target=\"_blank\">David Elias Heidenreich &#8211; Wikipedia<\/a><br><a rel=\"noreferrer noopener\" href=\"http:\/\/de.wikipedia.org\/wiki\/Eckhart_M\u00fcller-Heydenreich\" target=\"_blank\">Eckhart M\u00fcller-Heydenreich \u2212 Wikipedia<\/a><br><a rel=\"noreferrer noopener\" href=\"http:\/\/wiki-de.genealogy.net\/Eduard_Heydenreich\" target=\"_blank\">Eduard Heydenreich \u2013 GenWiki<\/a><br><a rel=\"noreferrer noopener\" href=\"http:\/\/de.wikipedia.org\/wiki\/Elke_Heidenreich\" target=\"_blank\">Elke Heidenreich \u2212 Wikipedia<\/a><br><a rel=\"noreferrer noopener\" href=\"http:\/\/de.wikipedia.org\/wiki\/Friedrich_Heidenreich\" target=\"_blank\">Friedrich Heidenreich \u2013 Wikipedia<\/a><br><a rel=\"noreferrer noopener\" href=\"http:\/\/de.wikipedia.org\/wiki\/Friedrich_Wilhelm_Heidenreich\" target=\"_blank\">Friedrich Wilhelm Heidenreich \u2013 Wikipedia<\/a><br><a rel=\"noreferrer noopener\" href=\"http:\/\/de.wikipedia.org\/wiki\/Fritz_Heidenreich\" target=\"_blank\">Fritz Heidenreich \u2013 Wikipedia<\/a><br><a rel=\"noreferrer noopener\" href=\"http:\/\/de.wikipedia.org\/wiki\/Gerhard_Heidenreich\" target=\"_blank\">Gerhard Heidenreich \u2013 Wikipedia<\/a><br><a rel=\"noreferrer noopener\" href=\"http:\/\/de.wikipedia.org\/wiki\/Gert_Heidenreich\" target=\"_blank\">Gert Heidenreich &#8211; Wikipedia<\/a><br><a rel=\"noreferrer noopener\" href=\"http:\/\/de.wikipedia.org\/wiki\/Gisela_Heidenreich\" target=\"_blank\">Gisela Heidenreich \u2013 Wikipedia<\/a><br><a rel=\"noreferrer noopener\" href=\"http:\/\/de.wikipedia.org\/wiki\/Gottlob_Heinrich_Heydenreich\" target=\"_blank\">Gottlob Heinrich Heydenreich \u2013 Wikipedia<\/a><br><a rel=\"noreferrer noopener\" href=\"http:\/\/de.wikipedia.org\/wiki\/Gunnar_Heydenreich\" target=\"_blank\">Gunnar Heydenreich \u2013 Wikipedia<\/a><br><a rel=\"noreferrer noopener\" href=\"http:\/\/de.wikipedia.org\/wiki\/Gustav_Heidenreich\" target=\"_blank\">Gustav Heidenreich &#8211; Wikipedia<\/a><br><a rel=\"noreferrer noopener\" href=\"http:\/\/de.wikipedia.org\/wiki\/Hans-J\u00fcrgen_Heidenreich\" target=\"_blank\">Hans-J\u00fcrgen Heidenreich \u2013 Wikipedia<\/a><br><a rel=\"noreferrer noopener\" href=\"http:\/\/de.wikipedia.org\/wiki\/Herbert_Heidenreich\" target=\"_blank\">Herbert Heidenreich \u2013 Wikipedia<\/a><br><a rel=\"noreferrer noopener\" href=\"http:\/\/de.wikipedia.org\/wiki\/Jakub_Heidenreich\" target=\"_blank\">Jakub Heidenreich \u2013 Wikipedia<\/a><br><a rel=\"noreferrer noopener\" href=\"http:\/\/de.wikipedia.org\/wiki\/Jerry_Heidenreich\" target=\"_blank\">Jerry Heidenreich \u2013 Wikipedia<\/a><br><a rel=\"noreferrer noopener\" href=\"http:\/\/de.wikipedia.org\/wiki\/Johannes_Heydenreich\" target=\"_blank\">Johannes Heydenreich \u2013 Wikipedia<\/a><br><a rel=\"noreferrer noopener\" href=\"http:\/\/de.wikipedia.org\/wiki\/Jon_Heidenreich\" target=\"_blank\">Jon Heidenreich &#8211; Wikipedia<\/a><br><a rel=\"noreferrer noopener\" href=\"http:\/\/de.wikipedia.org\/wiki\/Karl_Heinrich_Heydenreich\" target=\"_blank\">Karl Heinrich Heydenreich \u2013 Wikipedia<\/a><br><a rel=\"noreferrer noopener\" href=\"http:\/\/de.wikipedia.org\/wiki\/Kaspar_Heidenreich\" target=\"_blank\">Kaspar Heidenreich \u2013 Wikipedia<\/a><br><a rel=\"noreferrer noopener\" href=\"http:\/\/de.wikipedia.org\/wiki\/Klaus_Heidenreich\" target=\"_blank\">Klaus Heidenreich \u2013 Wikipedia<\/a><br><a rel=\"noreferrer noopener\" href=\"http:\/\/de.wikipedia.org\/wiki\/Klaus_Heydenreich\" target=\"_blank\">Klaus Heydenreich \u2013 Wikipedia<\/a><br><a rel=\"noreferrer noopener\" href=\"http:\/\/de.wikipedia.org\/wiki\/Lisa_Heidenreich\" target=\"_blank\">Lisa Heidenreich \u2013 Wikipedia<\/a><br><a rel=\"noreferrer noopener\" href=\"http:\/\/de.wikipedia.org\/wiki\/Ludwig_Heydenreich\" target=\"_blank\">Ludwig Heydenreich \u2013 Wikipedia<\/a><br><a rel=\"noreferrer noopener\" href=\"http:\/\/de.wikipedia.org\/wiki\/Ludwig_Heinrich_Heydenreich\" target=\"_blank\">Ludwig Heinrich Heydenreich \u2013 Wikipedia<\/a><br><a rel=\"noreferrer noopener\" href=\"http:\/\/de.wikipedia.org\/wiki\/Ludwig_Heidenreich_von_Callenberg\" target=\"_blank\">Ludwig Heidenreich von Callenberg &#8211; Wikipedia<\/a><br><a rel=\"noreferrer noopener\" href=\"http:\/\/de.wikipedia.org\/wiki\/Martin_Heidenreich\" target=\"_blank\">Martin Heidenreich \u2013 Wikipedia<\/a><br><a rel=\"noreferrer noopener\" href=\"http:\/\/de.wikipedia.org\/wiki\/Maximilian_Heidenreich\" target=\"_blank\">Maximilian Heidenreich \u2013 Wikipedia<\/a><br><a rel=\"noreferrer noopener\" href=\"http:\/\/de.wikipedia.org\/wiki\/Niels_Heidenreich\" target=\"_blank\">Niels Heidenreich \u2013 Wikipedia<\/a><br><a rel=\"noreferrer noopener\" href=\"http:\/\/de.wikipedia.org\/wiki\/Stefan_Heidenreich\" target=\"_blank\">Stefan Heidenreich \u2013 Wikipedia<\/a><br><a rel=\"noreferrer noopener\" href=\"http:\/\/de.wikipedia.org\/wiki\/Robert_Heidenreich\" target=\"_blank\">Robert Heidenreich \u2013 Wikipedia<\/a><br><a rel=\"noreferrer noopener\" href=\"http:\/\/de.wikipedia.org\/wiki\/Walter_Heidenreich\" target=\"_blank\">Walter Heidenreich \u2013 Wikipedia<\/a><br><br><a rel=\"noreferrer noopener\" href=\"http:\/\/www.bautz.de\/bbkl\/h\/heydenreich_a_l_c.shtml\" target=\"_blank\">HEYDENREICH, August Ludwig Christian<\/a><br><\/p>\n\n\n\n<p><a rel=\"noreferrer noopener\" href=\"http:\/\/geschichte.landesmuseum.net\/index.asp?contenturl=http:\/\/geschichte.landesmuseum.net\/personen\/personendetail.asp___ID=-2000122847\" target=\"_blank\">Landesmuseum Nieder\u00f6sterreich &#8211; Geschichte<\/a> Daten und Fakten zum Werdegang N\u00d6 in vier Lexika (Chronik, Personen, Orte und Kunst). Das N\u00d6 Landesmuseum pr\u00e4sentiert mit dem &#8218;Ged\u00e4chtnis des Landes&#8216; die Kulturgeschichte N\u00d6. <br><a rel=\"noreferrer noopener\" href=\"http:\/\/gso.gbv.de\/DB=1.28\/SET=7\/TTL=1\/COLMODE=1\/CMD?ACT=SRCH&amp;IKT=1016&amp;SRT=YOP&amp;TRM=heidenreich&amp;REC=*\" target=\"_blank\">VD17 &#8211; Verzeichnis der im deutschen Sprachraum erschienenen Drucke des 17. Jahrhunderts &#8211; results\/shortlist<\/a><\/p>\n","protected":false},"excerpt":{"rendered":"<p>Biografisches Heidenreichs in der biografischen Literatur und Biographien im Web. Heidenreich-Biografien (Stand 09-2012) Heidenreich \u2013 WikipediaHeydenreich \u2013 WikipediaAdolf Heidenreich \u2013 WikipediaCharlotte Heidenreich von Siebold \u2013 &hellip; <\/p>\n","protected":false},"author":1,"featured_media":0,"parent":0,"menu_order":0,"comment_status":"closed","ping_status":"closed","template":"","meta":{"footnotes":""},"_links":{"self":[{"href":"http:\/\/alle-heidenreich.bplaced.net\/alleheidenreich\/index.php?rest_route=\/wp\/v2\/pages\/52"}],"collection":[{"href":"http:\/\/alle-heidenreich.bplaced.net\/alleheidenreich\/index.php?rest_route=\/wp\/v2\/pages"}],"about":[{"href":"http:\/\/alle-heidenreich.bplaced.net\/alleheidenreich\/index.php?rest_route=\/wp\/v2\/types\/page"}],"author":[{"embeddable":true,"href":"http:\/\/alle-heidenreich.bplaced.net\/alleheidenreich\/index.php?rest_route=\/wp\/v2\/users\/1"}],"replies":[{"embeddable":true,"href":"http:\/\/alle-heidenreich.bplaced.net\/alleheidenreich\/index.php?rest_route=%2Fwp%2Fv2%2Fcomments&post=52"}],"version-history":[{"count":1,"href":"http:\/\/alle-heidenreich.bplaced.net\/alleheidenreich\/index.php?rest_route=\/wp\/v2\/pages\/52\/revisions"}],"predecessor-version":[{"id":54,"href":"http:\/\/alle-heidenreich.bplaced.net\/alleheidenreich\/index.php?rest_route=\/wp\/v2\/pages\/52\/revisions\/54"}],"wp:attachment":[{"href":"http:\/\/alle-heidenreich.bplaced.net\/alleheidenreich\/index.php?rest_route=%2Fwp%2Fv2%2Fmedia&parent=52"}],"curies":[{"name":"wp","href":"https:\/\/api.w.org\/{rel}","templated":true}]}}