{"id":22,"date":"2020-12-29T16:34:31","date_gmt":"2020-12-29T15:34:31","guid":{"rendered":"http:\/\/alle-heidenreich.bplaced.net\/alleheidenreich\/?page_id=22"},"modified":"2020-12-29T16:34:31","modified_gmt":"2020-12-29T15:34:31","slug":"der-name","status":"publish","type":"page","link":"http:\/\/alle-heidenreich.bplaced.net\/alleheidenreich\/?page_id=22","title":{"rendered":"Der Name"},"content":{"rendered":"\n<h3 class=\"wp-block-heading\">Die Bedeutung unseres Namens<\/h3>\n\n\n\n<p>HEIDENREICH ist ein partronymischer Name aus germanisch &#8211; vorchristlicher Zeit. Die erste schriftliche Erw\u00e4hnung als Vorname erfolgte 826\/856 im Stammesgebiet der Sachsen und als Familienname um 1150 als Name eines Ratherren von L\u00fcbeck Einige der heutigen Namensformen sind Haidenreich, Haitenrich, Heidenreich, Heidenrich, Heidenrijk, Heidentrijk, Heidrich, Heidrick, Heijdenrijk, Heydenreich, Heydenrijck, Heydenrijk, Heydenrych, He\u00ffdenr\u00ffch, Heydenryk, Heydrych usw. Das Familiennamenbuch des Bibliografischen Instituts Leipzig von 1989 nennt als jeweils erste Erw\u00e4hnung einzelner Schreibweisen des Namens Heidenreich folgende Jahre: 826\/56 Hethenricus (aus dem alts\u00e4chsischen), 1248 Heidenricus, 1399 Hedenrich, Heydenreich, 1428 Heydenreych, 1471 Heidenreich, 1598 Hederich.<br>Als Bedeutung des Namens wird angegeben: Althochdeutscher Rufname aus heidan + rihhi, \u201eHeide\u201c + \u201ereich, m\u00e4chtig; hoch, pr\u00e4chtig; gl\u00fccklich\u201c<\/p>\n\n\n\n<p>Das Deutsche Namenslexikon des Gondrom-Verlages legt als Entstehungszeit die Zeit der Kreuzz\u00fcge fest und erkl\u00e4rt seine Bedeutung als \u201e\u00fcber die Heiden m\u00e4chtig\u201c.<br>Als Namensbelege werden aufgef\u00fchrt: 1279 Stralsund Magister Heidenricus, 1108 Bayern Hedenricus, 1354 Nei\u00dfe Heydenreich Stosch, 1399 Erfurt Peter Hedenrich, 1526 Alsfeld Hans Hederich (Heyderich). Die f\u00e4lschliche \u00dcbersetzung der Silbe &#8222;Heidan&#8220; mit \u201eHeide\u201c = \u201eNichtchrist\u201c ist eine j\u00fcngere Begriffserkl\u00e4rung und auf dem Hintergrund der Christiniesierung und der Kreuzz\u00fcge zu sehen.<br>Leider ist jedoch diese falsche Interpretation heute sehr verbreitet und auch renomierte Namensforscher (z.B. Bahlow) unterliegen hier diesem Irrtum.<br>Diese Bedeutung, wie sie in der g\u00e4ngingen Namenslexika heute zu finden ist, entspricht nicht der urspr\u00fcnglichen germanoiden Bedeutung des Namens. Auch zeigt die Nennung von 826\/56, da\u00df der urspr\u00fcngliche Name nicht im Zusammenhang mit den Kreuzz\u00fcgen gesehen werden kann. Nach meiner Erkenntnis, u.a. durch Vergleiche mit anderen Namen, in denen die Silben heidan und rihhi vorkommen, hei\u00dft \u201eHeidan\u201c = \u201eGestalt, Wesen\u201c und \u201erihhi\/richi\u201c = \u201ereich\/Macht\/F\u00fcrst\u201c. Der germanische Name HEIDENREICH dr\u00fcckte also den Wunsch aus, der Tr\u00e4ger solle sein von \u201eM\u00e4chtiger Gestalt\u201c, oder solle haben das \u201eWesen eines F\u00fcrsten\u201c.<\/p>\n","protected":false},"excerpt":{"rendered":"<p>Die Bedeutung unseres Namens HEIDENREICH ist ein partronymischer Name aus germanisch &#8211; vorchristlicher Zeit. Die erste schriftliche Erw\u00e4hnung als Vorname erfolgte 826\/856 im Stammesgebiet der &hellip; <\/p>\n","protected":false},"author":1,"featured_media":0,"parent":0,"menu_order":0,"comment_status":"closed","ping_status":"closed","template":"","meta":{"footnotes":""},"_links":{"self":[{"href":"http:\/\/alle-heidenreich.bplaced.net\/alleheidenreich\/index.php?rest_route=\/wp\/v2\/pages\/22"}],"collection":[{"href":"http:\/\/alle-heidenreich.bplaced.net\/alleheidenreich\/index.php?rest_route=\/wp\/v2\/pages"}],"about":[{"href":"http:\/\/alle-heidenreich.bplaced.net\/alleheidenreich\/index.php?rest_route=\/wp\/v2\/types\/page"}],"author":[{"embeddable":true,"href":"http:\/\/alle-heidenreich.bplaced.net\/alleheidenreich\/index.php?rest_route=\/wp\/v2\/users\/1"}],"replies":[{"embeddable":true,"href":"http:\/\/alle-heidenreich.bplaced.net\/alleheidenreich\/index.php?rest_route=%2Fwp%2Fv2%2Fcomments&post=22"}],"version-history":[{"count":1,"href":"http:\/\/alle-heidenreich.bplaced.net\/alleheidenreich\/index.php?rest_route=\/wp\/v2\/pages\/22\/revisions"}],"predecessor-version":[{"id":23,"href":"http:\/\/alle-heidenreich.bplaced.net\/alleheidenreich\/index.php?rest_route=\/wp\/v2\/pages\/22\/revisions\/23"}],"wp:attachment":[{"href":"http:\/\/alle-heidenreich.bplaced.net\/alleheidenreich\/index.php?rest_route=%2Fwp%2Fv2%2Fmedia&parent=22"}],"curies":[{"name":"wp","href":"https:\/\/api.w.org\/{rel}","templated":true}]}}